
-9
Evaluate (-4 - -2) + 2 - (-3 - 1).
4
What is 5 - -2 - (-24 - -27)?
4
What is the value of -8 + (-4 - (12 + -22))?
-2
Evaluate 1 + -4 - (-10 + 5 + 0).
2
Calculate -3 - (-5 - -11 - 11).
2
Evaluate 2 - (1 - (1 - -3)).
5
What is -2 + -6 + 37 + -27?
2
Calculate 3 - ((2 - -1) + -1).
1
(-18 - -29) + -1 + -9
1
Evaluate 7 + 0 + -13 + (4 - 0).
-2
What is 5 + 5 + (3 - 16) + 4?
1
What is the value of -1 + 4 + 1 - 2?
2
Evaluate -3 - (0 + 1 + -4).
0
Calculate -3 + 1 - (5 - 5).
-2
Calculate -2 - (5 + -4) - -3.
0
-1 - (0 + 2 + -8)
5
Evaluate -76 + 80 - (2 + 9).
-7
What is -3 + (4 - 1) + 0?
0
What is 3 + 1 + (-4 + -4 - -4)?
0
Evaluate 3 + -4 + 15 + -8.
6
Calculate (-1 - 1) + 36 + -32.
2
Calculate 11 - 2 - 10 - -5.
4
Calculate (6 - (-2 - -1) - 2) + 0.
5
What is (1 + 7 - 7) + 4?
5
Evaluate 59 - 58 - (-1 - 0).
2
-7 - (-1 + 7 + -10)
-3
What is the value of -10 + (7 - 1) - (4 + -7)?
-1
What is 9 - (4 + -6 + (-2 - -9))?
4
Evaluate (3 - -8 - 4) + -6.
1
-3 + 0 - (2 + -4)
-1
(1 - 3) + -8 + 7
-3
3 - 3 - (4 - (1 + 7))
4
Calculate -4 + -12 + 5 + 12.
1
64 - 64 - (-3 + -1 + 2)
2
Evaluate (-2 - -4) + -7 + 2 + 1.
-2
-12 - (-13 - (11 - 14))
-2
Calculate 3 + 4 + -4 + -8.
-5
Calculate (8 - 7) + (1 - -3).
5
What is 0 + -5 + (-2 - -2)?
-5
-11 + (1 + -6 + 11 - 0)
-5
Calculate -6 - (-5 + 3 - 2).
-2
-6 - 1 - ((3 - -9) + -12)
-7
-4 - ((1 - 5) + (-1 - -4))
-3
What is 2 + -3 + 4 - 14 - -5?
-6
Evaluate (-9 - -6) + 4 + -11.
-10
-4 + (1 - 0 - 6)
-9
7 + (-2 - 1) - 1
3
-7 + -2 - (-9 - -6)
-6
What is (56 - 52) + 0 + -7?
-3
What is 3 + (-1 - -2 - 2) - 1?
1
What is the value of (-4 - -16) + (0 - (9 + -3))?
6
(-92 - -98) + (-3 - 1)
2
What is 5 + (-4 - -4) + -5?
0
What is 6 - (0 - (6 + -14) - 4)?
2
What is -10 + 16 + -9 - -1?
-2
What is (3 + -2 - -6) + -3?
4
What is -3 - -1 - 2 - 3 - -7?
0
Calculate 4 - (4 + -2 - 3).
5
What is (2 - (2 + -4)) + (2 - 2)?
4
Evaluate -23 + 20 + -3 - (0 - 10).
4
Calculate 2 + 0 - (5 + -2) - -1.
0
Evaluate (3 - 1) + (1 - -2 - 4).
1
-2 + (-2 - (1 + -8)) - 4
-1
What is the value of (-7 - -1) + -2 + 1 + 2?
-5
-3 + 0 + 2 - (-1 - 0)
0
What is 2 - (-1 - 2 - -2)?
3
Evaluate -21 + 1 - -13 - 4.
-11
What is the value of (5 - 7 - (0 + -1)) + -2?
-3
Calculate (0 - 3) + (27 - 20).
4
3 - (1 + -1) - (-1 - 0)
4
Calculate (2 - 2 - -3) + 0 + -4.
-1
Calculate 1 + -2 + 1 + -6 + 7.
1
-1 + 0 + 0 + (-1 - 1)
-3
What is (1 - 3) + 5 + -5?
-2
-3 + 5 + (7 + -1 - 2)
6
Evaluate (7 - (-3 - -2)) + -4.
4
What is the value of (-12 - -6) + 2 + (-1 - -1)?
-4
What is 3 - (2 - (-2 - (4 - 4)))?
-1
Evaluate 8 - (22 + (-5 - 4)).
-5
Evaluate 9 + (6 - 15) - 5.
-5
Calculate 2 + -2 + -1 + 2 + 4.
5
2 - (6 - 2) - (0 - 0)
-2
What is -7 - (7 + (0 - 19))?
5
Evaluate 5 - (0 + 0 + (-5 - -7)).
3
Calculate -31 - -30 - (-2 - 1 - -10).
-8
What is (-3 - (4 + (4 - 13))) + 2?
4
What is the value of -1 + 0 + 3 - 6?
-4
7 + 0 - (35 + -30)
2
-1 - (-9 + -3 + (11 - 4))
4
What is the value of 7 - 7 - (4 + 2)?
-6
Evaluate 6 - (9 - (9 - 2)).
4
Evaluate 0 + -2 - (-9 + 12).
-5
What is (2 - 9) + -6 + 12?
-1
Evaluate (-2 - 4) + 2 - -4 - 0.
0
Evaluate -5 - (2 + (0 - 9)).
2
-4 + 3 + -6 + 4
-3
Calculate 3 - (6 + 2 + -3) - -2.
0
What is the value of 0 - 9 - (8 - (21 - 8))?
-4
What is the value of -2 + 18 + -2 + -7?
7
What is the value of 0 + -3 + -5 + 5 + -2?
-5
Calculate 0 + -3 + 8 - 10.
-5
(-2 - (-2 - -1)) + -2 + 12
9
Evaluate (7 + -3 - 8) + 0.
-4
What is (-8 - (-1 + -2)) + 3 + 0?
-2
Evaluate 1 + -4 + (1 - 1 - -3).
0
What is the value of -10 + 13 - (-4 - -3)?
4
Calculate 9 + -1 + 1 + -4 + -10.
-5
-1 + -3 + (-21 - -22) + 3
0
Calculate -10 + -9 + 10 + (5 - 0).
-4
0 + (-6 - -2 - -4)
0
What is the value of -10 + 1 + 3 + 2?
-4
Calculate -2 - (0 + -3) - (-13 - -13).
1
What is -6 - ((-9 - -14) + 0 + -17)?
6
What is the value of 6 + -11 - (-1 + 0)?
-4
What is the value of 3 + 0 + (10 + -10 - -3)?
6
What is 0 - (-4 - (9 + -7))?
6
What is (0 - -3 - 1) + 3?
5
Calculate (5 - 2 - -1) + -5.
-1
1 + 2 - (7 + -9 - -1)
4
What is 7 + (-13 - 6) - -2?
-10
2 + (-8 - -8 - (4 - -2))
-4
What is 6 + (11 - 30) + 10 + -4?
-7
What is the value of 67 - 73 - (-1 + -1 + 0)?
-4
Calculate 60 + -63 - (1 + -6).
2
Evaluate 5 + 10 + -5 + -16.
-6
Calculate 1 + 0 + 3 - (-4 + 12).
-4
Evaluate -2 - 6 - (0 + (2 - 16)).
6
-14 - -21 - (8 + (0 - 4))
3
What is the value of -9 - -4 - ((-11 - -4) + 9)?
-7
What is the value of 1 + (0 - (-4 + 0 - -1))?
4
Evaluate (104 - 106) + (0 - -10).
8
Calculate -1 + -1 - (6 - 6).
-2
0 + (3 - -1 - 3)
1
Calculate -1 + (0 - 4 - -10).
5
Calculate (0 + -1 - -2) + 2.
3
Evaluate 10 + -4 + -7 + -2.
-3
5 + (-4 - -4 - 3)
2
-4 - -5 - (-5 - -1)
5
Evaluate 2 - (-4 - -2 - -4).
0
Evaluate (11 - 3) + -6 + -7.
-5
Calculate 1 - 1 - (-11 + 8).
3
0 + 1 + 1 + 1 + 0
3
Evaluate 0 + 5 - (5 + 2 + -4).
2
Calculate 2 - (-1 + (6 - 1) + 0).
-2
Evaluate 1 + 0 - (9 + -4 + -7).
3
What is -68 - -59 - (0 + -3) - -14?
8
Calculate 0 - (-5 + -1 - (6 - 6)).
6
What is the value of (2 - (4 + -2)) + 3 + 1?
4
What is 2 - (2 + 7 + -3)?
-4
-1 + 7 + -2 + -1 + 2
5
Evaluate -5 + 7 + (2 - (-8 + 7)).
5
What is 4 + (3 - -3 - 5)?
5
Evaluate 1 - (3 - (4 - -1)) - -2.
5
What is -3 - (4 - 5) - 2?
-4
What is 1 - (-3 + (-2 - -3 - -2))?
1
-1 + 0 + -12 + 13
0
Evaluate 3 - 0 - -1 - (26 - 16).
-6
200 + -207 - (2 + -4 - 2)
-3
What is 0 + 0 + (-2 - 1 - 0)?
-3
What is the value of (50 - 47) + (-5 + 1 - 0)?
-1
What is 0 + -1 + (-1 - 0) - 0?
-2
What is the value of 6 + -19 - (-11 - -7)?
-9
Calculate -2 - (1 - (2 + -4)).
-5
Evaluate (4 - -1) + (6 - 4) + -2.
5
(2 - -2 - 5) + 0 + -4
-5
What is -5 + 3 + (4 - 4)?
-2
What is the value of 1 + (-5 + 5 - -2) - 2?
1
What is 2 + -2 + (-1 - -5)?
4
What is the value of 9 + (6 - (4 + 4))?
7
What is -2 + -3 + 1 - -1?
-3
-2 + (1 - -4 - 1)
2
Calculate -4 + -1 - -1 - (-1 - 7).
4
Evaluate 6 + 2 + (1 - 5).
4
(1 + -1 - 1) + (8 - 8)
-1
What is -1 + -8 + 4 + (-1 - -2)?
-4
What is the value of -2 - (-1 - (12 + -2) - -8)?
1
Calculate 1 + 2 - (5 - 7).
5
3 + -3 + -5 - (7 + -15)
3
Calculate (-5 - -2) + -3 + 3.
-3
Calculate -2 - (5 + -1 + -3 + -2).
-1
Calculate 2 + (4 - 1) + -2 + -1.
2
What is -3 + 3 + -1 + 3?
2
1 - (1 + (3 - (-3 + 7)))
1
(18 - 10) + (1 - 10)
-1
Calculate -4 + (3 + 2 - -2).
3
Calculate -5 + (-1 - -9) + -1 - 2.
0
3 - (9 + -4 - -1)
-3
Calculate (-1 - (-11 + -6) - 8) + 2.
10
What is -1 + (10 - 3) + (-7 - -7)?
6
Calculate (-1 + -2 - -5) + -5.
-3
3 - (16 + -5 + 0)
-8
(-9 - (0 - 1)) + -25 + 30
-3
0 + 0 - (21 - 17)
-4
What is the value of 2 + -1 + -2 - (6 + -3)?
-4
What is (15 - (-3 - -6)) + -8?
4
Calculate -6 + (0 - 5 - -16).
5
What is the value of -1 - -7 - (2 + 6 - 5)?
3
What is (0 - 13) + 15 + (0 - 7)?
-5
What is -1 + (2 - 6) + (-5 - -1)?
-9
What is -1 - (-7 + -1 + 7)?
0
Evaluate (5 - -1) + (3 + -14 - -13).
8
2 - 10 - (6 + -11) - -7
4
-3 + -1 + 3 + 2 - 3
-2
What is 69 + -74 + (-6 - 1 - -2)?
-10
Calculate 1 + -3 - (4 - (7 + 0)).
1
Evaluate -5 + (-2 - -8) + -1.
0
What is 1 - (-14 + 4 + 2 - -3)?
6
What is (5 - 14) + (1 - -14)?
6
What is the value of (5 - -2) + -3 - 4?
0
Calculate 2 + -7 + (1 - -1).
-3
2 + (1 - (-2 + 4))
1
What is -4 - -2 - (-2 + -1)?
1
What is the value of -5 - (0 + 0 + -7)?
2
Calculate 7 + 0 + (-3 + 6 - 2).
8
Evaluate 0 + -1 - (8 - 5) - 5.
-9
What is (1 - 3) + 3 + (-2 - -3)?
2
Calculate 1 - (-4 + 2 - -6).
-3
Evaluate -5 - (-4 + (2 - -4 - 3)).
-4
What is the value of -7 + 7 - (1 - -2)?
-3
3 + (-2 - -3 - (-1 + 2))
3
Evaluate 2 - 1 - (9 - (-7 - -8)).
-7
What is the value of 2 - (-3 + -7 + 5 - -3)?
4
Evaluate -1 + -1 + 4 + -5 + 7.
4
What is 1 + -2 + (2 - (1 - -1))?
-1
(8 - (1 - 0)) + -4 + 1
4
Evaluate -1 - (-4 + 0 + 3).
0
What is the value of 1 - 3 - ((0 - 0) + -4)?
2
What is the value of 3 - (-4 + 12) - (7 + -11)?
-1
Calculate -2 + 1 - (-3 + 1 + -1).
2
Calculate -14 - (-3 - 8) - (7 - 2).
-8
What is the value of 1 + -2 + (1 - 3) + 3?
0
Evaluate -3 + -3 + 9 - (29 - 24).
-2
Evaluate -2 - (-4 + 2) - (-1 + 4).
-3
Calculate (-26 - -30) + -1 + 2 + 0.
5
What is the value of 5 - (6 - 2 - -3)?
-2
Evaluate (4 - (1 + -4 + 4)) + -3.
0
What is the value of 7 - (5 + -4 + 4)?
2
Evaluate (-5 + 6 - (8 - -1)) + 3.
-5
What is the value of (-4 - -3 - -5) + -3?
1
What is 1 - (-9 + 9 + 4)?
-3
What is the value of -4 - (-2 + -3 - -7) - -1?
-5
What is -3 + (1 + 3 - -2 - 4)?
-1
What is the value of 0 + 0 + -5 + (5 - 5)?
-5
What is the value of 0 - (-4 - (-5 - -9 - 6))?
2
(-6 - -1) + (9 +